et t(r) = 109*r + 30. Let s be t(5). Suppose -4*k + 3*q + 460 = 0, -3*k - 2*q + s = 2*k. What is the units digit of k?
5
Let y(r) = -19*r - 120 - r**3 - 75 - 13*r**2 + 50 + 14. What is the tens digit of y(-14)?
3
Suppose 0 = -4*y + 3*y - 3*s - 57, -5*y - 2*s - 272 = 0. Let g = -85 - y. Let o = 45 - g. What is the tens digit of o?
7
Suppose 2*p - 515 = 5*t, -5*t + 123 = 158. What is the units digit of p?
0
Let t be (-149479)/(-5) + 2 - (-2)/10. What is the hundreds digit of 4/(-34) - (t/(-102) - 9)?
3
Let j(i) = -633*i + 847. What is the ten thousands digit of j(-23)?
1
Let o(l) = -97*l - 379. What is the tens digit of o(-7)?
0
Let g be ((-4)/3)/(-4) - (-419)/3. Let s = -346 + g. Let v = -116 - s. What is the tens digit of v?
9
Let t = -150 + 304. Let i = 507 - t. What is the units digit of i?
3
Let w = 283 + -95. Let y be (-4)/((-32)/(-12))*w/(-6). Suppose i - 125 = -u + y, -3*i + 516 = 4*u. What is the hundreds digit of i?
1
Let j = 183 - 22. Let u(v) = 9*v + 7. Let z be u(-8). Let w = j + z. What is the tens digit of w?
9
Let b(f) = -12*f + 14*f - 6*f + 22. Let q be b(-6). Suppose 3*h - q = 179. What is the tens digit of h?
7
Suppose 6*n - 60 = -9*n. Suppose 981 = n*x - g, -4*x + 690 = 4*g - 266. What is the hundreds digit of x?
2
Let s = 33 - 33. Suppose 4*c + 130 = -s*p + 3*p, 2*c + 74 = -3*p. Let y = 35 + c. What is the units digit of y?
1
Suppose 64 = -a + 63. What is the tens digit of 6*(-114)/24*(a - 1)?
5
Let p(x) = -x + 152. Let z(t) = t + 1. Let v be z(-1). Suppose 0 = -v*d - 5*d + 3*d. What is the units digit of p(d)?
2
Let u be (-380)/2 + (3/(-3))/1. What is the hundreds digit of (-3 + (-1 - -3))*u?
1
Let l(g) = 69*g**2 - 81*g + 328. What is the ten thousands digit of l(26)?
4
Let a = 1 - -2. Let b = 459 - 112. Suppose -a*o + 106 = -b. What is the tens digit of o?
5
Let q(i) = 2*i**3 + 61*i**2 + 32*i + 231. What is the tens digit of q(-26)?
8
Suppose -2*m + 438 = -8*m. Let b = 72 + m. What is the units digit of 45/36*(171 - b/1)?
5
Let k be 2 - (3 + -27)/(-4) - -13. Let i(p) = 39*p - 103. What is the hundreds digit of i(k)?
2
What is the thousands digit of 104/(-26)*1/(0 + 4) - -5467?
5
Suppose 624337 + 71039 = 100*y - 284124. What is the hundreds digit of y?
7
Suppose 0 = -6*y - 711 - 2607. Let d = y - -212. Let s = -52 - d. What is the units digit of s?
9
Let m(z) = 1632*z**2 + 19*z - 28. What is the hundreds digit of m(2)?
5
Let s be (2 - 3)/(2/(-4)). Suppose 2*v - 4*v + 6 = 0. What is the hundreds digit of 418/v + 3 + s/(-6)?
1
What is the hundreds digit of 7 - -13 - -297 - 1*4?
3
Let a(n) = -15*n**2 + 76*n. Let o be a(5). Suppose -777 = -3*g + o*m, 0*g - 5*g + 1255 = 5*m. What is the units digit of g?
4
Let v = -8484 + 12341. What is the units digit of v?
7
Suppose 5*r = 17*u - 13*u - 17, -15 = 5*r - 5*u. What is the hundreds digit of 1/(10/4656) - 2/r?
4
Let d = -7670 + 19814. Suppose 10*y + d = 22*y. What is the hundreds digit of y?
0
Suppose 79766 = 4*s + 5*i, -5*s + 47956 = 2*i - 51760. What is the thousands digit of -6*(-7)/105 + s/15?
1
Let q be (15/6 - (-2)/(-4)) + 400. Let k = -272 + q. What is the hundreds digit of k?
1
Let t(s) = -s - s**3 + 13*s**2 + 4*s - 2*s - 8 - 2*s. Let y be t(14). Let f = -131 - y. What is the tens digit of f?
8
Let i = 72660 + -44780. What is the hundreds digit of i?
8
What is the thousands digit of (6993/(-35) - 2)/(((-84)/(-35))/(-12))?
1
Let o be 2 + (0 - 271)*-1 + -3. Let j = o + -52. What is the tens digit of j?
1
Let q = 29 + 9. Suppose 102 = 41*i - q*i. What is the tens digit of i?
3
What is the hundreds digit of (-4)/2 - (47 + -38 - 1788/3)?
5
Suppose d - 8 = 3*z, -4*z = 3*d + 4 - 15. Suppose -4*r - 1 = -17, 3*r = d*k - 6843. What is the hundreds digit of k?
3
Let b be 3472/5 + 385/(-275). Let a = b - -73. What is the hundreds digit of a?
7
Suppose -44*s - 828828 = -762887 - 1791401. What is the thousands digit of s?
9
Let v(h) = h + 21. Let n be v(-19). Suppose 0*l + 5*l - 390 = -n*a, 3*l - 3*a = 234. What is the tens digit of l?
7
Suppose -98 - 88 = m. What is the hundreds digit of m/(8/60 + (-138)/360)?
7
What is the ten thousands digit of (-152)/(-2204) + (-2064274)/(-58)?
3
Suppose -9*t + 10*t = 42. Let c be ((-12)/10)/(t/(-70)). Suppose 117 + 391 = c*z. What is the tens digit of z?
5
Let s(m) = 22*m**2 + 33*m - 46. What is the tens digit of s(16)?
1
Suppose 4*w + 28147 = i, -318*i + 316*i + 4*w = -56270. What is the ten thousands digit of i?
2
Suppose -1 = -8*s + 7*s. What is the tens digit of (49 - 52)/(166/169 - s)?
6
Let v = 230 - 229. What is the units digit of 47 + -51 + 27 + v?
4
What is the units digit of (-10)/12*(-114)/(-380) - 16242/(-8)?
0
Let i = 5928 + 968. What is the thousands digit of i?
6
Suppose 4*r = 3*o - 26119 + 128410, 0 = -3*r - 5*o + 76682. What is the units digit of r?
9
Suppose -2*h + 2 - 20 = 0. Let s = 14 + h. Suppose l = y - 16, 4*y + 2*l - s*l = 66. What is the tens digit of y?
1
Let h = 57 + -34. Suppose 0*g = u - 5*g - h, 4*g - 8 = 0. Suppose 0 = 4*x - 163 - u. What is the tens digit of x?
4
Let s(l) = -6 - 10*l - 2*l - 7*l + 12*l. What is the tens digit of s(-13)?
8
Suppose 73*o = 94*o - 69460 - 96587. What is the thousands digit of o?
7
Let c = 183 + -180. Suppose -5*n + 5499 = -2*u, 489 + 604 = n + c*u. What is the units digit of n?
9
Suppose -5*l = -f + 5251, f + 7*l - 8*l - 5263 = 0. What is the thousands digit of f?
5
Let w = -55 - -57. Suppose -w*u = -7*u + 675. Let j = 60 + u. What is the units digit of j?
5
Let t(b) = -b**3 - 45*b**2 - 24*b + 35. What is the units digit of t(-45)?
5
Suppose 5*v = -10, 3*v + 27 = -b - 0*v. Let j be b/(-6)*(-18)/(-21). Suppose -o - 99 = -3*u - 4*o, -j*u + 2*o = -94. What is the units digit of u?
2
Let g = -442 + 447. Let y = 693 + g. What is the units digit of y?
8
Let n(q) = 86*q**3 + 6*q**2 - 7*q + 12. Let p be n(4). Suppose -15*x = -31*x + p. What is the units digit of x?
9
Suppose 3 + 2 = -5*k. Let y(o) = -201*o. Let a be y(k). Let m = 297 - a. What is the units digit of m?
6
Let k(b) = 134*b - 2717. What is the hundreds digit of k(72)?
9
Suppose 3*p - 4816 = -5*d + 1764, 3*d = 5*p + 3948. Let m = d + -3392. What is the hundreds digit of m/(-15) + 1/(5/(-2))?
1
Suppose -483 = s - 2379. Suppose -c + 7*c = s. Suppose 5*i = -3*w + c, 54 = i - 5*w + w. What is the units digit of i?
2
Suppose -3*v = -840 + 234. Let r be 202/18 - (-8)/(-36). Suppose v = r*a - 9*a. What is the units digit of a?
1
Suppose w - 32169 + 6764 = -3*a, -33880 = -4*a + 2*w. What is the tens digit of a?
6
Let l(u) = 15*u**2 - 3*u + 3. Let y(d) = -d**3 + 20*d**2 - 17*d + 7. Let r be y(19). Let x be 2/(-6) - 5/(r/(-21)). What is the units digit of l(x)?
7
What is the hundreds digit of (-182 - -185)/((-6)/(-7114))?
5
Suppose -3*c = 2*g - 6*c - 23013, -57630 = -5*g - 12*c. What is the ten thousands digit of g?
1
Let p(m) = m + 1. Let h(r) = -r - 12. Let l(x) = -h(x) - 2*p(x). Let z(y) = -y - 1. Let d(i) = l(i) + 4*z(i). What is the units digit of d(-13)?
1
Suppose 140 + 88 = -4*h. Let d(a) = a**3 - 2*a**2 - 31*a - 73. Let l be d(-3). Let u = l - h. What is the units digit of u?
2
Let c(k) = -k**2 - 25*k - 64. Let o be c(-22). Suppose -3*b + 823 = 4*p, -271 = 12*b - 13*b - o*p. What is the units digit of b?
1
Let n(f) = -f**3 - f**2 + 4*f + 47. Suppose 0 = -4*s + 9 + 3. Suppose 4*y - 15 = -4*j + 5, s*y = -5*j + 15. What is the units digit of n(j)?
7
Let w(b) = -19*b - 137. Let s be (-2 + 0 + 1)/((-19)/(-133)). Let m(n) = 13*n + 91. Let q(i) = s*m(i) - 5*w(i). What is the tens digit of q(9)?
8
Let q = 91 + -166. Let j = q + 77. Suppose j*a - 204 = -4*a. What is the tens digit of a?
3
Let j(q) = 610*q + 6*q**2 - 1230*q - 7*q**3 + 673*q - 13. What is the hundreds digit of j(-6)?
3
Let w(x) be the first derivative of -1/3*x**3 - 5*x**2 + 3*x - 7. What is the units digit of w(-10)?
3
Let d(s) = -4*s + 77. Let f(w) = w**2 - 2*w - 8. Let z be f(-2). Let g be d(z). Let t = 142 - g. What is the tens digit of t?
6
Suppose 5*k = -70 + 90. Suppose 0 = 2*v - k*g + g - 2224, -4*v - 2*g = -4416. What is the hundreds digit of v?
1
Suppose -16*b = 18*b - 170. Suppose -6 = 5*r + 14, -v - b*r + 1346 = 0. What is the hundreds digit of v?
3
Let r = -186 - -188. Suppose r*j - 602 = 328. What is the hundreds digit of j?
4
Suppose -3*o + 24 = c - 6*c, 3*c = 